/64 is divided by 24.
21
Let j be 12/(-7)*21/(-6). Let d be 3*((-4)/j)/(-1). Suppose 3*i = -3*r + 48, 4*r + 9 = d*i - 17. What is the remainder when 28 is divided by i?
13
Let l = -9149 - -10681. Calculate the remainder when l is divided by 55.
47
Let q(y) be the third derivative of -5*y**4/24 + 19*y**3/3 - 171*y**2. Let f(w) = 2*w**2 + w - 1. Calculate the remainder when f(-5) is divided by q(7).
2
Let t(j) = 18*j + 1. Let v be t(-1). Suppose 6177 = 84*u + 1557. Let f = v + u. What is the remainder when f is divided by 21?
17
Let p(o) = 183*o + 260. Calculate the remainder when p(2) is divided by 14.
10
Let u = -87 + 457. Suppose 0 = t + 4*t - u. Suppose t = 3*s + 5*m, 0 = 5*m - 16 - 4. What is the remainder when 26 is divided by s?
8
Let w = 7 - 3. Suppose 0 = 6*p - 2*p + 4*a - 68, -p + 8 = w*a. Suppose -v = -j - 4, 3*j + 68 = v + 70. Calculate the remainder when p is divided by v.
6
Suppose 3*h = -39*h + 2009 + 2947. What is the remainder when 561 is divided by h?
89
Let n = 4 - -5. What is the remainder when n is divided by 6/16 + 1850/2960?
0
Let f = 2278 - 1755. Calculate the remainder when f is divided by 159.
46
Let x(i) = 6*i - i**3 + 2*i + 8*i**2 + 22 + i**2. Let r be (-4)/16 + 574/56. What is the remainder when 12 is divided by x(r)?
0
Suppose o + 5*f - 19 + 12 = 0, 0 = 4*o - 2*f - 6. What is the remainder when 132 is divided by 7 + (3 - (-38)/o)?
16
Suppose -32*g + 60*g - 77682 = -38*g. What is the remainder when g is divided by 150?
127
Let h be (-109)/(-3) + (-96)/(-9) + -11. Suppose 4*s - 3*t - h = -t, 0 = -4*t. Calculate the remainder when 350 is divided by s.
8
Let t(d) = d**3 + 8*d**2 + 58*d + 182. Calculate the remainder when 755 is divided by t(-4).
13
Suppose -4*d + 3*c - 222 = -2*c, 3*d = 2*c - 163. Let n = d + 67. What is the remainder when n is divided by 6?
2
Let o(n) = 136*n**2 + 15*n + 6. Calculate the remainder when o(2) is divided by 139.
24
Suppose 4*m + 682 = 3*o, -3*o + 694 = 5*m - 3*m. Suppose o + 25 = 3*q. What is the remainder when q is divided by 22?
19
Suppose 0 = 23*a + 12*a - 735. Suppose -5*w + 3*i = -w, 0 = -5*w + 2*i + 7. Let t = a - w. Calculate the remainder when t is divided by 10.
8
Suppose o + 4*h = 699, -15*o - 1426 = -17*o - h. Let m = o - 386. Calculate the remainder when m is divided by 11.
10
Let b = -223 + 218. What is the remainder when (-3 - b) + (4*32)/4 is divided by 34?
0
Let d = 1838 - 1734. Calculate the remainder when d is divided by 39.
26
Let n(o) = o**2 + 2*o - 4. Let f be n(-4). Let p be f/1*(-12)/(-16). Suppose -v - a + 42 = -p, -3*a = -3*v + 147. What is the remainder when v is divided by 18?
11
Suppose 0 = 3*b - 3*d - 90 - 246, 5*d - 15 = 0. Suppose -2*j - 3*v + b = 27, 16 = -4*v. What is the remainder when j is divided by 18?
14
Suppose -8*n + 50 + 46 = 0. Let t(r) = -3*r + 62. Let m be t(n). Suppose 5 + m = v. What is the remainder when 120 is divided by v?
27
What is the remainder when 4304*(-1 + 0 + 29/(406/21)) is divided by 715?
7
Let k(v) = 2*v**3 - 6*v**2 + 2*v + 6. Let t(x) = -x**3 + 5*x**2 - 2*x - 5. Let a(d) = -4*k(d) - 5*t(d). What is the remainder when 30 is divided by a(-2)?
13
Let y(v) = 8*v - 2. Let b be y(2). Suppose -279 = 11*u - b*u. Suppose k - 96 = -5*q, 0 = 2*q + 3*k + 2*k - 43. Calculate the remainder when u is divided by q.
17
Let d = 20 - 17. Let p = 9 + d. Suppose 159 = 19*v - 696. What is the remainder when v is divided by p?
9
Let c be (-1*8)/(-18 + 17). Suppose 46 = 10*t - c*t. What is the remainder when 158 is divided by t?
20
Let g(r) = r - 2. Let w be g(-14). Let x = 19 + w. What is the remainder when ((2 - -16) + -4)*x is divided by 11?
9
Let n = -5893 + 5956. Calculate the remainder when 364 is divided by n.
49
Let f(g) = g**3 + 26*g**2 - 23*g + 124. Calculate the remainder when 1740 is divided by f(-27).
12
Suppose 3 - 3 = -18*s. Suppose 59*o - 60*o + 26 = s. What is the remainder when 389 is divided by o?
25
Suppose -n = -m + 14, 2*m - 4*n - 2 = 36. Suppose p - m + 6 = 0. Calculate the remainder when (3 + (-30)/8)*-10*4 is divided by p.
0
Let l be -17*10/(-8) - 1/4. Let o(y) = -y**3 + 20*y**2 + 21*y + 13. Calculate the remainder when 89 is divided by o(l).
11
Let c(a) = 11*a**2 + 10*a + 21. Let u(h) = 2*h**2 + 81*h - 803. What is the remainder when c(-6) is divided by u(-49)?
27
Suppose -2193 = -130*r + 113*r. What is the remainder when r is divided by 65?
64
Let r be (-21964)/(-918) + (-4)/(-54). Let j(m) = 2*m**3 - 47*m**2 - 25*m + 28. Calculate the remainder when 115 is divided by j(r).
3
Let w = 114 - -106. Let q = 697 + -641. What is the remainder when w is divided by q?
52
What is the remainder when 3403 is divided by (-13)/(19/(-21) - (20/21)/10)?
10
Let a(w) = 66 + w**2 - 31 - 26 - 5*w. Let v be a(4). Suppose -v*r + 2*r = -174. What is the remainder when r is divided by 30?
28
Let l(y) = -y**3 - y**2 - 6*y - 5. Let q(i) = i**3 + 9 + 7 + 0. Calculate the remainder when l(-3) is divided by q(0).
15
Let u = -175665 - -175888. Suppose 0*r - 4*r = -12. Suppose 0 = 5*t + 5*d - 90, 2*t + 2*d = r*d + 27. What is the remainder when u is divided by t?
13
Let m(p) = 220*p + 24. Let b be m(-1). Let g = b - -341. Calculate the remainder when g is divided by 51.
43
Let b(a) be the third derivative of -a**5/60 + 5*a**4/12 - 11*a**3/6 - 8*a**2. Let z be b(9). What is the remainder when 47 is divided by (-266)/(-28) + (-1)/z?
7
Let i = -12 + 42. Let l(w) = 3*w**3 + 121*w**2 + 35*w + 33. What is the remainder when l(-40) is divided by i?
23
Suppose -3*q - 2*j = -209 - 884, 1456 = 4*q + 2*j. Calculate the remainder when q is divided by 37.
30
Let d(y) = 34*y**2 - 18*y + 9. Let v be d(4). Let n = v - 359. What is the remainder when n is divided by 47?
28
Suppose -1246 = -5*p - 3*h, -p - h = -90 - 160. Let j = -103 - -119. Calculate the remainder when ((-1)/(-3))/(-1 - p/(-246)) is divided by j.
9
Let m(a) = -4*a**3 - 3*a**2 + 4*a + 2. Suppose -80*j - 7*j - 114 = -1680. What is the remainder when m(-3) is divided by j?
17
Suppose 169 - 175 = 2*t, -t - 95 = -y. What is the remainder when y is divided by ((-315)/(-10))/((-3)/(-4))?
8
Let x(r) = 23*r**2 + 5*r + 10. Let f be x(-3). Let v = f + -195. Calculate the remainder when 97 is divided by v.
6
Suppose 256 = 3*k - 5*x, 4*k - 84 - 260 = 4*x. Suppose -3*n + 9 = -15. Calculate the remainder when k is divided by n.
7
Suppose -1181 = -11*l - 119 + 1358. What is the remainder when l is divided by 18?
4
Let v(d) = -6*d**3 - 8*d**2 - 54*d - 5. Let r be v(-4). Suppose -320 = 463*l - r*l. What is the remainder when l is divided by 29?
22
What is the remainder when 3513 is divided by (-8328)/(-45) + (-355)/5325?
183
Suppose 0 = 28*h - 20*h + 3200. Let c = 410 + h. Calculate the remainder when 72 is divided by c.
2
Let t be (-8)/(-5) + (-88)/(-20) + -4. Suppose -3*a = -g - 1640, g + 64 + 1028 = t*a. Calculate the remainder when a is divided by 23.
19
Let u(t) = -t**3 - 89*t**2 + 175*t - 598. What is the remainder when u(-91) is divided by 21?
18
Suppose -88*g = -101*g + 26494. Calculate the remainder when g is divided by 24.
22
Let v(o) = 57 - o**2 - 4*o + 2*o**2 + 21*o + 9*o. Suppose -3*u + 5*a = -6*u + 95, 4*u - 138 = -a. What is the remainder when u is divided by v(-24)?
8
Suppose 2*i + 23 = 281. Let b(w) = 5*w**3 - 8*w**2 - 9*w - 2. Calculate the remainder when i is divided by b(3).
27
Suppose 118 = -20*z - 22. Calculate the remainder when ((-6)/(-8))/(2/144) is divided by ((-98)/z + 0)/1.
12
Suppose 2*j = -14*j + 2064 + 10096. Calculate the remainder when j is divided by 77.
67
What is the remainder when (-288)/2448 + (11972/34 - -2) is divided by 22?
2
Let y = 1846 + -1745. What is the remainder when 694 is divided by y?
88
Suppose l + 57 = 931. Let m = l - 860. What is the remainder when 87 is divided by m?
3
Suppose -2*z + 14 = -2*c, -c = -0*c + 4. Suppose 0 = z*n - 2*n + 4. Calculate the remainder when 99/21 - n/14 is divided by 4.
1
What is the remainder when 8548 + 70/21*(-1)/10*18 is divided by 12?
10
Suppose 4*n + 15 = 31. Suppose -n*y - 22 - 18 = -2*i, 4*i + 2*y = 60. Let z = 5 + 4. Calculate the remainder when i is divided by z.
7
Let x = -508 + 159. Let y = x + 412. Calculate the remainder when y is divided by 27.
9
Suppose -3*g + 307 = 2*u, g - 103 = -449*u + 448*u. What is the remainder when 